rime factors of 3 + (-3 + p)/(-1).
2, 7, 53
Let t(k) = 229*k**2 + 2*k - 3. Let y be t(1). Suppose -16*u + 19*u = y. Suppose 19 = -m + u. List the prime factors of m.
3, 19
Suppose 71*m - 140169 - 384592 = 0. List the prime factors of m.
19, 389
Let l be 6 + 3 + -5 - (-8)/(-2). Suppose -3*j = -l*i - i - 206, -8 = -2*i. What are the prime factors of j?
2, 5, 7
Let s(y) = 2*y**2 - 26*y - 34. Let b be s(14). Let x be (-11)/((-55)/(-2)) - b/(-10). Let l(m) = -3*m + 1. List the prime factors of l(x).
2
Suppose 0 = -4*n - 16, 739*n = d + 738*n - 20497. List the prime factors of d.
3, 11, 23
Let u = -41915 - -59946. List the prime factors of u.
13, 19, 73
Let u = -20 - -23. Suppose 6 + 0 = u*r. Suppose 3*d - 15 = r*i - 42, 4*i + d = 19. List the prime factors of i.
2, 3
Suppose -2*h + 6 = 0, 106*h - 108*h + 48 = 3*f. List the prime factors of 7/f + 665/10.
67
Let b be 4/((-24)/(-9))*2. Suppose -3*m + b*u + 22 = -m, u = m - 9. Suppose -2*s - m*i + 270 = 0, -5*s + s + 3*i + 540 = 0. What are the prime factors of s?
3, 5
Suppose -4*f = -5*f. Suppose 4*h + 10*w = 6*w + 848, -4*h = -2*w - 836. Suppose f*m - m = -h. List the prime factors of m.
2, 3, 5, 7
Let d = 86 + -82. Suppose f - d*r - 505 = 0, -2*r = -4*f - r + 1975. Let x = f - 263. What are the prime factors of x?
2, 5, 23
Suppose -i + 4*x + 3224 = 0, -4*x - 16601 = -5*i - 417. Suppose -14*j - i = -20*j. What are the prime factors of j?
2, 3, 5
Let b = 33440 + -13300. List the prime factors of b.
2, 5, 19, 53
Let l = -142 - -147. Suppose -q = o - 349, -l*q + 2*o = 3*o - 1733. What are the prime factors of q?
2, 173
Let l(g) = -g**2 + 390*g + 262. What are the prime factors of l(125)?
3, 31, 359
Suppose 2*q - 6*q = 5*s - 89, 4*q = -s + 21. Suppose 2*y - 187 = s. What are the prime factors of y?
2, 3, 17
Suppose v + 76 = -i - 492, -2277 = 4*i - v. List the prime factors of i/(-5)*5*(-1 - -2).
569
Let u = -1020 - -1518. Let h = 957 - u. List the prime factors of h.
3, 17
Let y(u) = -u**3 + 2*u**2 + 5*u - 7. Let v be y(2). Suppose 21 = -v*j + 1098. What are the prime factors of j?
359
Let l(a) = -2*a**2 + 10*a - 2. Let w be l(5). Let p be (-5 + (-363)/15)/(w/5). Suppose -g + 15 + p = 0. What are the prime factors of g?
2, 11
Let l be (-1 - 1 - 2) + (-2 - 2). What are the prime factors of ((-6)/8)/(l/10016)?
3, 313
Let j = -9 + 9. Suppose j*b + 95 = -5*b. Let r(o) = o**2 + 18*o + 26. List the prime factors of r(b).
3, 5
Let j = -6832 - -7411. List the prime factors of j.
3, 193
Let v(j) = 8*j**2 - 3*j. Let f(s) = -s**3 - 5*s**2 - 4*s - 3. Let w be f(-4). Let d be w/(-2)*30/9. What are the prime factors of v(d)?
5, 37
Let s(g) = -g**3 + 8*g**2 - 2*g + 14. Let n be s(8). What are the prime factors of 5/5*n - -126?
2, 31
Let f(j) be the second derivative of 1/10*j**5 + 2*j - 1/4*j**4 + j**2 - 1/2*j**3 + 0. What are the prime factors of f(4)?
2, 5, 7
Suppose 2*r = 6*i - 5*i - 11746, 5*i + 4*r - 58646 = 0. What are the prime factors of i?
2, 5867
Let l be (632/(-20) - 2)/(3/(-40)). Let y = l + 52. What are the prime factors of y?
2, 5
Let j = -35 + 27. Let o be 2/j - 9/12. What are the prime factors of (-14)/3*(o - 2)?
2, 7
Suppose 4*w + 2 = 2*k, k = 7*w - 2*w + 1. Let u(d) = 114*d - 1. Let c be u(k). Suppose 153 - 677 = -4*p + 2*x, 5*x + c = p. List the prime factors of p.
7, 19
Let b be (-1)/3*((-16)/4 + 727). Suppose 3*j + i = -0*j - 1027, 0 = 2*j + i + 685. Let v = b - j. List the prime factors of v.
101
Let f = 69 - 69. Suppose -5*d = -5*u + 35 + 15, 2*d = f. List the prime factors of (-185)/(-3) - u/(-30).
2, 31
Suppose 0 = -9*m + 247 - 31. Let s be 60/14 + (-4)/14. Suppose 4*v + m = r, s*r + 6*v - 33 = v. List the prime factors of r.
2, 3
List the prime factors of (-1 + -81)*11445/(-70).
3, 41, 109
Let m(d) = 3*d**2 - 65*d - 8. Let n be m(16). Let q = n - -483. List the prime factors of q.
7, 29
Let o(i) = 48*i**3 - 17*i**2 + 102*i - 112. What are the prime factors of o(9)?
34421
Let p be -8 + 0 - 24/(-6) - 164. Let d be (p/9)/2*-45. Suppose 2100 = 10*y + d. What are the prime factors of y?
2, 3, 7
Suppose -4*l + 9*l + 5*w + 5 = 0, -l - 7 = 3*w. Suppose -1000 = l*z + 3*z. Let r = z - -338. What are the prime factors of r?
2, 3, 23
Let h(d) = -2*d**2 - 2*d**2 - 27 + 3*d**2 + 16*d + 2*d**2. Let n be h(-11). Let b = -37 - n. What are the prime factors of b?
3, 5
Let n = -317 + 822. Suppose -692 = -x + n. What are the prime factors of x?
3, 7, 19
Suppose -5*o + 20 = -4*u - 0*u, -5*o - 2*u = 10. Suppose o = 12*n - 27*n + 7365. What are the prime factors of n?
491
Let q = -130 + 135. Suppose -3*a - 5*x = -363, 0 = -q*x + 6*x. List the prime factors of a.
11
Suppose 12*n - 9 = 9*n. Suppose 0 = -0*t - 5*t + 2*r + 6, n*r = -t - 9. Suppose -3*p + 251 - 20 = t. What are the prime factors of p?
7, 11
Let m = 617 - 616. What are the prime factors of (-630)/(-90) + 420 + m?
2, 107
Let t(i) = -38*i**3 + 10*i**2 - 105. List the prime factors of t(-7).
3, 7, 71
Suppose 4*k - 5*z - 7567 = 0, 3*z - 5965 = -3*k - 310. Suppose -q - 581 = -2*y + 349, -4*y - 5*q = -k. List the prime factors of y.
467
Suppose r - 5*b = 8284, 2*r - 16643 = -17*b + 12*b. List the prime factors of r.
7, 1187
Suppose 4*p - 40 = -4*a + 8*p, p = -3*a + 10. Suppose a*k + 4*x - 1181 = 1886, 4*k - 2*x - 2464 = 0. What are the prime factors of k?
3, 5, 41
Suppose 0*l + 5*l - 1120 = 0. Let i be (-528)/(1 + -5) - -6. Let x = l - i. List the prime factors of x.
2, 43
Let k be 22 + (6 - 9) + 0/2. Let l(a) = a**2 - 20*a + 21. Let m be l(k). Suppose -m*b - 4*z + 14 = 0, -4*b + 5*z = -0*z - 28. What are the prime factors of b?
7
Let i = 7885 + -4627. What are the prime factors of i?
2, 3, 181
Suppose -292 = -2*n + d, -3*n - d + 578 = n. Suppose -3*m + 427 = p, m + p + 2*p = n. What are the prime factors of m?
2, 71
Let o(f) = 219*f**2 - 18*f - 90. What are the prime factors of o(6)?
2, 3, 7, 61
Let j be 2/((-7)/((-37205)/30))*3. Let i = j + -653. What are the prime factors of i?
2, 5, 41
Let w(h) be the third derivative of h**6/60 - 7*h**5/60 - h**4/24 - 7*h**3/3 - 36*h**2. Let l be w(4). What are the prime factors of (-203)/(-1)*(l + 7)/5?
7, 29
Let h be (-16)/(-14) + (-75)/525. Suppose 2*a + 2*a - 8 = 0. What are the prime factors of -1*(a + -5)*h?
3
Let t be -4470*(-5 - ((-162)/(-12))/(-3)). Let p = -1458 + t. What are the prime factors of p?
3, 7, 37
Suppose 0 = -17*w + 19*w - 12. Let k(g) = 3*g - 16. Let a be k(w). Suppose -4*p = 4*f - a*f - 294, -5*f + 4*p = -693. List the prime factors of f.
3, 47
Let j = -49817 + 91992. List the prime factors of j.
5, 7, 241
Suppose -638380 + 9615124 = 153*o + 36*o. List the prime factors of o.
2, 3, 1979
Let j be (-11)/(-55) - ((-762)/5)/3. Suppose 5 + 2 = -g - 5*x, x = 4*g + 112. Let i = j + g. What are the prime factors of i?
2, 3
List the prime factors of (-119226)/(-36) - 2/(-4) - 8/(-3).
3, 5, 13, 17
Let m be (444/(-15) - -5)*-30. Let a = 1327 - m. What are the prime factors of a?
19, 31
Let r = -30 - -32. Suppose -r*s + 2*m + 1 = -5, 5*m - 1 = s. Suppose s*p = 319 + 37. List the prime factors of p.
89
Suppose -4*q = -4*t - 25132, -3*q - 18*t + 414 = -18603. List the prime factors of q.
3, 233
Let a = -52 + 54. Suppose g - 4*d - d - 34 = 0, -4*d - 80 = -a*g. Suppose 500 - g = 4*b. What are the prime factors of b?
2, 3, 19
Let d(s) = s**2 - 6*s - 16. Let o be d(-36). Suppose -5*q - k - 505 = -o, 4*q - k - 800 = 0. List the prime factors of q.
199
Suppose 0 = -1374*r + 1448*r - 3174748. What are the prime factors of r?
2, 19, 1129
Let f(i) = -i**2 + 3*i + 7. Let d be f(-6). Let v = 41 - d. What are the prime factors of 2*1/2*v?
2, 11
Suppose -28*m + 720089 = 184141. What are the prime factors of m?
19141
Let g be 24/60 + (-18)/(-5). Suppose -23*b + 12204 = g*b. What are the prime factors of b?
2, 113
Let k = -14 + 16. Suppose 1 - 9 = -k*a. What are the prime factors of ((-33)/a)/((-9)/60)?
5, 11
Let a = 285 + 138. Suppose -194 = -2*l + 4*r, 5*r + 22 = -4*l + a. Suppose l = 3*t - 81. List the prime factors of t.
2, 3, 5
Let h(k) = -266*k**2 - 15*k + 39. Let q be h(6). List the prime factors of (-3)/(-18) + q/(-18) + 5.
2, 3, 5
Let w = -4 + 7. Let x(m) = -16*m + 26. Let j(n) = -15*n + 26. Let o(b) = w*x(b) - 4*j(b). List the prime factors of o(7).
2, 29
Let a(w) = 18*w - 352. Let f be a(-38). Let u = -306 - f. 